+ 6*t - 3. Let z = 96 + -93. Suppose 5 = z*x - 2*g, -2*x + x + 2*g = 1. Calculate f(x).
6
Let v(z) = 2*z**3 + z**2 - 2*z + 1. Let p be (-3)/((-1)/((-7)/(-21))). Give v(p).
2
Let q(g) = -g**3 - 2*g**2 + 4. Suppose 5*k - 6 = 3*s, 3*s + 8 = 3*k + 2. Let n be q(s). Let b(u) = u**2 - 7*u + 3. Give b(n).
-9
Let w(u) = 4*u**3 - u**2 - u - 1. Suppose 8*d = d + 21. Suppose 0*z + 3*z - 4*l = -23, 0 = -3*z + d*l - 18. Give w(z).
-5
Suppose 4*l = 5*l - 3*c + 2, 3*l = -c + 14. Suppose -4*p - 1 = -3*f - 2*p, -l*p = 2*f + 10. Let k(h) = -5*h. What is k(f)?
5
Let k(h) = -2*h**2 + 22*h + 8. Suppose 3*u = 5*u - 4*v - 2, 40 = 5*u - 3*v. Give k(u).
8
Let j(i) = -5*i**3 + 1. Let g(t) = -24*t**3 + 5*t**2 + 10. Let u(w) = -g(w) + 5*j(w). Determine u(-5).
-5
Let l(t) be the second derivative of t**3/6 - 31*t**2/2 - 6*t - 26. What is l(9)?
-22
Let w(y) be the second derivative of -11*y**4/12 - y**3/6 - 43*y. What is w(-1)?
-10
Let p(s) = -s**3 + 5*s**2 + 12*s + 19. Let j be p(7). Let q(o) = o**3 - 6*o**2 + 3*o + 11. Give q(j).
1
Suppose 0 = -2*b - 4*w - 56, 0 + 80 = -2*b + 4*w. Let d be (-3)/2*b/51. Let f(x) = 17*x**3 - x**2 + 2*x - 1. Give f(d).
17
Suppose -3*d = -c - 12, 5*d - 5*c = -2*c + 20. Let z(m) = 4 - 1 - m + d. What is z(5)?
2
Let d(n) be the first derivative of n**4/12 + n**3/6 + 7*n**2/2 - 7*n + 11. Let y(w) be the first derivative of d(w). Calculate y(0).
7
Let f(g) = -4*g - 14 + 17 + 6. Let r be (1/3)/((-1)/(-21)). Determine f(r).
-19
Let n(k) = -k**3 - k**2 + k - 3. Let s be 0/((-12)/21 + 11/7). What is n(s)?
-3
Let o(n) = -n**3 + 10*n**2 - 10*n + 3. Let v be (-16 + 1)/((-5)/3). What is o(v)?
-6
Suppose 7*i = x + 8*i + 15, 0 = -3*x + 4*i - 10. Let t(s) = -s - 3. Give t(x).
7
Suppose -5*w = 3*t - 23, 0 = 14*t - 15*t + 2*w - 7. Let s(c) be the third derivative of -7*c**5/30 + c**4/24 - c**3/6 - c**2. What is s(t)?
-14
Let h(p) = -10*p - 1. Let j(l) = 10*l + 1. Let v(u) = 6*h(u) + 7*j(u). Let f = -1493 + 1491. Calculate v(f).
-19
Let v(w) = 2*w - 6. Let j = -31 - -33. Suppose 0 = 3*i - 2*o - 20, -3*i + 3*o + j*o + 23 = 0. What is v(i)?
6
Let l(b) = -4*b**3 + 12*b**2 - 10*b - 1. Let k(q) = 3*q**3 - 11*q**2 + 10*q + 1. Let r(y) = -5*k(y) - 4*l(y). What is r(-8)?
15
Let j(y) = -3*y - 1. Suppose -2*c = t + 6, -2*t = -5*c + c + 4. Calculate j(t).
11
Suppose 8*q - 49 + 89 = 0. Let g(i) = -i**2 - 4*i. What is g(q)?
-5
Let r be ((-78)/45)/((-4)/6)*5. Let w(u) = u - 23. Determine w(r).
-10
Let g(v) be the second derivative of -v**5/20 - v**4/6 - v**3/6 + v**2 + 4*v + 614. Let s(m) = -m**2 + 6*m - 2. Let z be s(6). Determine g(z).
4
Let z(s) = -4*s**3 + 2*s**2 + 2*s + 1. Let l be z(-1). Let c(t) = t**2 - 4*t - 6. Determine c(l).
-1
Let l(p) = -p**2 + 15*p + 5 + 0*p - p - 19*p - 3*p. Give l(-9).
-4
Let u(l) = -5*l**2 + 2 + 3*l**3 - 3*l - 3*l**3 - l**3. Let m be (27 - 17)*(2 + (-15)/6). Give u(m).
17
Let w(o) = -o**3 - 3*o**2 - 3*o - 4. Let h be w(-3). Let p(s) = -4 - h*s + 3 + 1. Give p(1).
-5
Let k be 851/(-296) - (-2)/(-16). Let j(w) = -w**2 + w + 1. Calculate j(k).
-11
Let s(k) = -k**3 + 6*k**2 + 7*k - 12. Let u be s(7). Let t(a) = -2*a - 25. Let d be t(u). Let g(z) = -3*z**3 - z**2 - 2*z - 1. Give g(d).
3
Let s(x) = x**2 + x - 5. Let l(g) = 2*g**2 + 3*g - 11. Let w(k) = 6*l(k) - 14*s(k). Let i(b) = -b**2 + 9*b + 19. Let r be i(-2). What is w(r)?
-26
Suppose -2*j + 3*j = 0. Let h(m) = 14 + 0*m - 12 + m**2 + j*m - m. What is h(3)?
8
Suppose -5*l - 4*s = 4, -9 - 19 = 3*l - 4*s. Let j(w) = -w**2 - 4*w + 3. Calculate j(l).
3
Let z(x) = 4*x**2 - 1. Let g(r) = r**2 + 6*r + 3. Let o be ((-6)/(-4))/((-14)/56). Let q be g(o). Suppose 17*k - 14*k = q. Determine z(k).
3
Let a(w) = -3*w**2 + 13*w + 1. Let q = 396 + -388. Let g(z) = -z**2 + 7*z + 1 + 13*z - 4*z**2. Let r(f) = q*a(f) - 5*g(f). Determine r(-3).
0
Let j = 16 - 11. Suppose -h + 6*h = -2*b + j, -5*b - 3*h = -3. Suppose b = g - 0*g + 1. Let t(i) = i + 1. What is t(g)?
0
Let u(c) = -2*c**2 + 5*c. Suppose -2*b = 3*k - 12, -18*b + 14*b + 5*k + 24 = 0. Calculate u(b).
-42
Let g(t) = t + 4. Let f(b) be the second derivative of -b**3/3 - 9*b**2/2 - 15*b. Let q(v) = -4*f(v) - 9*g(v). What is q(2)?
-2
Let l(p) be the third derivative of 0 - 1/60*p**5 + p**3 + 1/6*p**4 - 4*p**2 + 0*p. Suppose y + 20 = 5*y. Determine l(y).
1
Suppose 0 = -5*r - a - 47 + 24, -2*a - 14 = 2*r. Let x(v) = 5*v + 15. What is x(r)?
-5
Let v(p) be the second derivative of -p**6/720 + p**5/120 - p**4/4 - 10*p. Let t(f) be the third derivative of v(f). Calculate t(0).
1
Let a = 15 - 9. Let t be (-460)/(-52) - 4/(-26). Let c be (-7)/3 - a/t. Let y(s) = -2*s**2 - 3*s - 1. What is y(c)?
-10
Let y = -171 + 165. Let l(w) = w**2 + 6*w + 7. What is l(y)?
7
Let x(a) = a**3 - 9*a**2 + 7*a + 5. Suppose 0 = c + c + 8, 0 = 5*q - c - 19. Suppose 4*l = -q*n - 0*l + 16, -2*l = 4. Give x(n).
-3
Let t(h) be the third derivative of 1/2*h**3 - 16*h**2 + 7/24*h**4 + 0*h + 0 + 1/60*h**5. Calculate t(-7).
3
Let g = 15 - 11. Let y(d) = 2*d - 8. Let a(f) = -f + 4. Let i(q) = 5*a(q) + 2*y(q). Determine i(g).
0
Let z(s) be the third derivative of -s**5/60 - s**4/8 - s**3 + 59*s**2. Calculate z(-6).
-24
Let i(d) be the second derivative of d**8/6720 + d**7/420 + d**6/240 - d**5/30 + d**4/4 + 13*d. Let k(l) be the third derivative of i(l). Give k(-5).
6
Let g(u) = 5*u**2 - 6*u + 7. Let r be g(1). Let k(t) = 2*t**2 - 4*t - 6. Let p(c) = c**2 + c + 1. Let f(j) = k(j) - p(j). What is f(r)?
-1
Let t be (-16)/(-4) + (2 - 5). Let y(w) = 9*w**3 - 3*w**2 + 5*w. Let g(b) = 5*b**3 - 2*b**2 + 3*b. Let q(h) = 5*g(h) - 3*y(h). Give q(t).
-3
Let m(k) = -k**3 + 6*k**2 - k + 7. Let f(c) = -3*c**2 - 3*c. Let a be f(-1). Suppose -4*g - 12 = a, -3*g = 5*z - 0*g - 21. Give m(z).
1
Let x = 616 - 160. Let y(o) = -458*o + x*o - 4 - 2. Suppose -5*m - 5 = -0*m + 3*i, -3*i + 31 = -4*m. What is y(m)?
2
Let r(l) be the second derivative of l**5/20 + l**4/3 + 5*l**3/6 + 3*l**2/2 - 2*l. Let m = -6 - -6. Suppose 5*u + 23 = 2*v, -24 = 4*u - 3*v - m*v. Give r(u).
-3
Let u(f) be the second derivative of 2/3*f**3 + 0*f**2 + 0*f**5 - 1/360*f**6 + 1/12*f**4 + f + 0. Let r(j) be the second derivative of u(j). Give r(3).
-7
Let r(t) = -1. Let z(d) = d + 3. Let q(f) = -4*r(f) - z(f). Let w(m) = -m**2 + 6*m + 7. Let g be w(4). Let v = -20 + g. Determine q(v).
6
Let k(v) be the first derivative of v**3/3 - 3*v**2 + 29. Determine k(5).
-5
Suppose -x + s = -3, 5*x = -4*s + 2 + 13. Let z(c) = -c**3 - 2*c + 7*c - 3*c + 3*c**2 - 3*c + 3. Give z(x).
0
Let g(t) = -t**2 - 4*t + 4. Let y be g(-4). Suppose -f = 2*f - 3*n - 24, 12 = y*f + n. Suppose 0 = 4*j - 3*u - 9, 4*u + f = -8. Let l(x) = -x + 3. What is l(j)?
3
Let n(u) be the third derivative of 1/3*u**3 + 0 - 6*u**2 + 0*u - 1/60*u**5 + 1/24*u**4. Let d = -111 - -109. Calculate n(d).
-4
Let y = 207 - 205. Let t(r) = -3*r. Determine t(y).
-6
Let z(m) = 4*m**2 - 5*m + 3. Let s be 44/14 - 570/(-665). Calculate z(s).
47
Let v(c) = -c**3 + 5*c**2 + 3*c + 6. Let p(r) = 26*r + 2 - 27*r + 9. Let i be p(8). Suppose 2*k + 4 = -y - 0*y, 15 = -i*k. Give v(y).
-12
Let l(w) be the first derivative of -8*w**3/3 + 1. Let j(n) = n**3 + n**2 - n - 1. Let d be j(-1). Suppose d = -2*y - 0*y + 2. Determine l(y).
-8
Let x(k) be the first derivative of -2*k**2 + 2 - k**2 + 9*k**2 + k - k**2. Give x(-1).
-9
Let k(m) = -m - 4. Let g = 211 - 211. Determine k(g).
-4
Suppose 4 = 3*u - u. Let g(c) = 7*c**u - 6*c**2 + 3*c + 3*c. Calculate g(-6).
0
Suppose 0 = g + 2*g - 6. Suppose -2*d + 216 = g*d. Let q(j) = 53*j - 5 - d*j + 1. Calculate q(-3).
-1
Suppose 4*r + 236 = -200. Let f = r + 110. Let t(l) = 18*l**3 - 1 + 2*l - 2*l. Determine t(f).
17
Let r(d) be the second derivative of d**5/20 + d**4/3 - d**3 - 3*d**2 + 205*d. Let x = -2 + -2. Calculate r(x).
18
Suppose -4*l + 2*t + 18 = 0, 4*l - 27 = 4*t + t. Suppose 9 = -14*z + 17*z. Let v(a) = a**3 + 15*a - z*a**2 - 4*a - 8*a + 1. Calculate v(l).
10
Let o(k) = -k**3 + 1. Suppose 2*h + 4*i - 128 = 0, -10*h - 2*i - 192 = -13*h. Let m = 62 - h. Give o(m).
9
Suppose 0*r - 4*x = -3*r + 23, -10 = 5*r + 3*x. Let g be (r + 0)/((-6)/(-24)). Suppose 0 = -g*z + 5 - 13. Let f(m) = -2*m - 1. Calculate f(z).
3
Let o(d) = -9*d**2 + 7*d - 20. Let h(b) = -7*b**2 + 7*b - 18. Let i(t) = 4*h(t) - 3*o(t). What is i(5)?
-2
Let x(z) = 2*z**2 - 3*z - 3. Let c(s) = -s**3 + s**2 